{"id":17495,"date":"2026-01-10T13:40:00","date_gmt":"2026-01-10T12:40:00","guid":{"rendered":"https:\/\/anggunboutique.com\/?post_type=product&#038;p=17495"},"modified":"2026-01-10T13:40:00","modified_gmt":"2026-01-10T12:40:00","slug":"dh-jardin-grape-robe-de-priere-1-piece","status":"publish","type":"product","link":"https:\/\/anggunboutique.com\/?product=dh-jardin-grape-robe-de-priere-1-piece","title":{"rendered":"DH Jardin Grape Robe de Pri\u00e8re 1 pi\u00e8ce"},"content":{"rendered":"<ul>\n<li class=\"cvGsUA direction-ltr align-start para-style-body\"><span class=\"OYPEnA text-decoration-none text-strikethrough-none\">Taille disponible : Unique<\/span><\/li>\n<li class=\"cvGsUA direction-ltr align-start para-style-body\"><span class=\"OYPEnA text-decoration-none text-strikethrough-none\">Longeur: 200 cm<\/span><\/li>\n<li class=\"cvGsUA direction-ltr align-start para-style-body\">Mati\u00e8re : Viscose Premium<\/li>\n<\/ul>\n","protected":false},"excerpt":{"rendered":"<p>Cette robe de pri\u00e8re en 1 pi\u00e8ce, accompagn\u00e9e d\u2019un sac pratique, est id\u00e9ale pour les voyages. Fabriqu\u00e9e en viscose de qualit\u00e9 sup\u00e9rieure, elle est douce, l\u00e9g\u00e8re et tr\u00e8s confortable pendant la pri\u00e8re. Facile \u00e0 transporter partout, elle se glisse sans effort dans une valise. Parfaite pour ne jamais l&rsquo;oublier en d\u00e9placement, elle combine confort, l\u00e9g\u00e8ret\u00e9 et style pour vos moments de pri\u00e8re, m\u00eame en voyage.<\/p>\n","protected":false},"featured_media":17484,"comment_status":"open","ping_status":"closed","template":"","meta":[],"product_brand":[],"product_cat":[118,114,76],"product_tag":[101,100,99,103,102],"class_list":{"0":"post-17495","1":"product","2":"type-product","3":"status-publish","4":"has-post-thumbnail","6":"product_cat-dianhijab-collection","7":"product_cat-nusantara-collection","8":"product_cat-robe-de-la-priere","9":"product_tag-musulmane","10":"product_tag-priere","11":"product_tag-robe-de-priere","12":"product_tag-robe-de-priere-portable","13":"product_tag-vacances","15":"first","16":"instock","17":"shipping-taxable","18":"purchasable","19":"product-type-simple"},"_links":{"self":[{"href":"https:\/\/anggunboutique.com\/index.php?rest_route=\/wp\/v2\/product\/17495","targetHints":{"allow":["GET"]}}],"collection":[{"href":"https:\/\/anggunboutique.com\/index.php?rest_route=\/wp\/v2\/product"}],"about":[{"href":"https:\/\/anggunboutique.com\/index.php?rest_route=\/wp\/v2\/types\/product"}],"replies":[{"embeddable":true,"href":"https:\/\/anggunboutique.com\/index.php?rest_route=%2Fwp%2Fv2%2Fcomments&post=17495"}],"version-history":[{"count":1,"href":"https:\/\/anggunboutique.com\/index.php?rest_route=\/wp\/v2\/product\/17495\/revisions"}],"predecessor-version":[{"id":17496,"href":"https:\/\/anggunboutique.com\/index.php?rest_route=\/wp\/v2\/product\/17495\/revisions\/17496"}],"wp:featuredmedia":[{"embeddable":true,"href":"https:\/\/anggunboutique.com\/index.php?rest_route=\/wp\/v2\/media\/17484"}],"wp:attachment":[{"href":"https:\/\/anggunboutique.com\/index.php?rest_route=%2Fwp%2Fv2%2Fmedia&parent=17495"}],"wp:term":[{"taxonomy":"product_brand","embeddable":true,"href":"https:\/\/anggunboutique.com\/index.php?rest_route=%2Fwp%2Fv2%2Fproduct_brand&post=17495"},{"taxonomy":"product_cat","embeddable":true,"href":"https:\/\/anggunboutique.com\/index.php?rest_route=%2Fwp%2Fv2%2Fproduct_cat&post=17495"},{"taxonomy":"product_tag","embeddable":true,"href":"https:\/\/anggunboutique.com\/index.php?rest_route=%2Fwp%2Fv2%2Fproduct_tag&post=17495"}],"curies":[{"name":"wp","href":"https:\/\/api.w.org\/{rel}","templated":true}]}}